nder when 8792698 is divided by 2198144?
122
What is the remainder when 5050181 is divided by 709?
683
What is the remainder when 73285 is divided by 3762?
1807
Calculate the remainder when 2034889 is divided by 145340.
129
What is the remainder when 424937 is divided by 1592?
1465
What is the remainder when 155932 is divided by 26?
10
Calculate the remainder when 1585654 is divided by 1397.
59
What is the remainder when 13800935 is divided by 933?
932
Calculate the remainder when 12089375 is divided by 39.
38
What is the remainder when 8824157 is divided by 16?
13
What is the remainder when 167722 is divided by 4706?
3012
What is the remainder when 33010 is divided by 1325?
1210
Calculate the remainder when 665786 is divided by 1738.
132
Calculate the remainder when 12492 is divided by 12369.
123
What is the remainder when 401982 is divided by 66988?
54
Calculate the remainder when 84250 is divided by 11958.
544
Calculate the remainder when 789864 is divided by 112836.
12
Calculate the remainder when 397881 is divided by 12049.
264
What is the remainder when 444100960 is divided by 2916?
2908
What is the remainder when 6998094 is divided by 30693?
90
What is the remainder when 2012506 is divided by 402431?
351
What is the remainder when 578665 is divided by 578155?
510
Calculate the remainder when 1494569 is divided by 90.
29
What is the remainder when 83096226 is divided by 83096220?
6
What is the remainder when 11067416 is divided by 9?
8
What is the remainder when 2242888 is divided by 3647?
3630
Calculate the remainder when 231932 is divided by 260.
12
What is the remainder when 678331 is divided by 37676?
163
What is the remainder when 380345 is divided by 400?
345
What is the remainder when 1651522 is divided by 1101?
22
Calculate the remainder when 554942 is divided by 895.
42
Calculate the remainder when 2084676 is divided by 2473.
2410
What is the remainder when 3982503 is divided by 1991239?
25
Calculate the remainder when 587513 is divided by 1632.
1625
Calculate the remainder when 205896893 is divided by 23.
19
Calculate the remainder when 528977 is divided by 547.
28
Calculate the remainder when 3213702 is divided by 3213667.
35
What is the remainder when 686085 is divided by 17069?
3325
What is the remainder when 1999711 is divided by 1181?
278
What is the remainder when 485393 is divided by 484895?
498
What is the remainder when 861535 is divided by 451?
125
Calculate the remainder when 987237 is divided by 7595.
7482
Calculate the remainder when 944568 is divided by 3936.
3864
What is the remainder when 11278426 is divided by 5639209?
8
What is the remainder when 406887 is divided by 25?
12
What is the remainder when 1390184 is divided by 469?
68
What is the remainder when 1228276 is divided by 135?
46
Calculate the remainder when 4403003 is divided by 258992.
139
Calculate the remainder when 311956 is divided by 6499.
4
What is the remainder when 12490799 is divided by 1187?
1185
Calculate the remainder when 31782666 is divided by 72.
66
What is the remainder when 5085757 is divided by 12526?
201
What is the remainder when 1471650 is divided by 311?
309
What is the remainder when 180201 is divided by 36029?
56
What is the remainder when 1909 is divided by 127?
4
Calculate the remainder when 24367615 is divided by 16.
15
What is the remainder when 848680728 is divided by 4211?
4210
Calculate the remainder when 140262 is divided by 27150.
4512
What is the remainder when 52692 is divided by 4699?
1003
Calculate the remainder when 101314 is divided by 50244.
826
Calculate the remainder when 1196452 is divided by 10.
2
Calculate the remainder when 4602705 is divided by 1182.
1179
What is the remainder when 1021318 is divided by 9038?
24
What is the remainder when 70536298 is divided by 378?
364
Calculate the remainder when 9294724 is divided by 207.
10
Calculate the remainder when 115126 is divided by 114203.
923
What is the remainder when 226904 is divided by 1129?
1104
Calculate the remainder when 508677 is divided by 500638.
8039
What is the remainder when 664030 is divided by 110242?
2578
What is the remainder when 10704337 is divided by 10?
7
Calculate the remainder when 2643261 is divided by 1321549.
163
What is the remainder when 1792851 is divided by 1239?
18
What is the remainder when 48497293 is divided by 1055?
1053
Calculate the remainder when 619505 is divided by 2518.
77
What is the remainder when 939826 is divided by 187961?
21
Calculate the remainder when 145341703 is divided by 26150.
3
Calculate the remainder when 217400637 is divided by 20.
17
Calculate the remainder when 16901397 is divided by 200.
197
Calculate the remainder when 9444316 is divided by 3591.
3577
Calculate the remainder when 1095856 is divided by 363075.
6631
What is the remainder when 10260286 is divided by 12?
10
What is the remainder when 4885490 is divided by 257129?
39
Calculate the remainder when 55412 is divided by 3667.
407
Calculate the remainder when 17440845 is divided by 35234.
15
Calculate the remainder when 118113 is divided by 15.
3
Calculate the remainder when 4690474 is divided by 3548.
18
Calculate the remainder when 1712168 is divided by 226.
218
What is the remainder when 904538 is divided by 1135?
1078
What is the remainder when 2382124 is divided by 140119?
101
What is the remainder when 441779 is divided by 974?
557
What is the remainder when 1704535 is divided by 456?
7
What is the remainder when 163073 is divided by 162279?
794
Calculate the remainder when 1826620 is divided by 683.
278
What is the remainder when 260926 is divided by 86965?
31
Calculate the remainder when 285099 is divided by 142477.
145
Calculate the remainder when 1171860 is divided by 221.
118
What is the remainder when 1038730 is divided by 346240?
10
What is the remainder when 48516 is divided by 7986?
600
Calculate the remainder when 2747244 is divided by 1540.
1424
What is the remainder when 5121058 is divided by 55?
8
What is the remainder when 716041 is divided by 16273?
29
Calculate the remainder when 62944664 is divided by 79.
71
Calculate the remainder when 1257044 is divided by 1837.
536
What is the remainder when 1407039 is divided by 4613?
74
Calculate the remainder when 18291412 is divided by 5910.
5872
What is the remainder when 63533826 is divided by 86?
36
Calculate the remainder when 399792 is divided by 1625.
42
Calculate the remainder when 10347394 is divided by 1378.
1370
Calculate the remainder when 711596 is divided by 237169.
89
Calculate the remainder when 789146 is divided by 3762.
2888
What is the remainder when 45736387 is divided by 178?
177
Calculate the remainder when 39035348 is divided by 673.
2
What is the remainder when 24989216 is divided by 19?
17
Calculate the remainder when 1476246 is divided by 8633.
3
Calculate the remainder when 481228 is divided by 34366.
104
What is the remainder when 472488 is divided by 992?
296
Calculate the remainder when 2762287 is divided by 131531.
136
What is the remainder when 912872 is divided by 36?
20
Calculate the remainder when 56341 is divided by 18473.
922
What is the remainder when 18814155 is divided by 93?
69
Calculate the remainder when 873426 is divided by 8120.
4586
Calculate the remainder when 211299 is divided by 22.
11
Calculate the remainder when 94723 is divided by 2192.
467
Calculate the remainder when 19232008 is divided by 98.
96
What is the remainder when 221845 is divided by 44313?
280
Calculate the remainder when 8245763 is divided by 304.
67
What is the remainder when 4642 is divided by 1731?
1180
Calculate the remainder when 2297235 is divided by 284.
243
What is the remainder when 172044876 is divided by 67?
65
Calculate the remainder when 3193372 is divided by 5785.
52
What is the remainder when 121222 is divided by 57604?
6014
Calculate the remainder when 1360446 is divided by 292.
18
Calculate the remainder when 479928 is divided by 119964.
72
Calculate the remainder when 1819819 is divided by 9.
1
Calculate the remainder when 706296 is divided by 2394.
66
What is the remainder when 73034 is divided by 221?
104
What is the remainder when 15169 is divided by 12053?
3116
What is the remainder when 48311 is divided by 475?
336
Calculate the remainder 